st common factor of 14 and t?
14
Let v(k) = 2*k + 42. Let j be v(0). What is the greatest common factor of j and 6?
6
Let d be 5/3 - 345/(-9). Calculate the highest common factor of 280 and d.
40
Let c be ((-22)/6)/((-1)/3). Let f(z) be the second derivative of z**3/6 + 11*z**2/2 + 5*z. Let p be f(0). What is the greatest common factor of c and p?
11
Let a be (2/(-3))/((-4)/12). Calculate the highest common factor of 22 and a.
2
Let h(g) = g**2 - 11. Let t = 2 + -24. Let b be -2 - (t/(-2))/(-1). Let k be h(b). What is the greatest common factor of k and 14?
14
Suppose 4*z - 808 = 5*n, -2*z + 90 + 316 = -2*n. Let l = z - 137. What is the highest common factor of l and 10?
10
Suppose 3*a - 58 = 8. Let h be (a/(-8))/((-4)/16). Calculate the highest common divisor of h and 88.
11
Suppose -3*c - 206 = -2*d - 86, -4*c - 146 = 2*d. Let g = -23 - c. What is the highest common factor of g and 165?
15
Let n = -12 + 34. Let t = 27 - 16. Calculate the greatest common divisor of n and t.
11
Let l(w) = 3*w + 3. Let k be l(3). Suppose -q - 5*h = -21 - 26, -5*q + 4*h = -380. What is the greatest common divisor of k and q?
12
Suppose 3*r = -m + 2*m - 111, 2*m - 4*r - 220 = 0. Let o = -55 - -88. Suppose 5*k = o + 27. What is the greatest common factor of m and k?
12
Suppose 0 = 2*m - 4*m + 32. Let s = -14 + m. What is the greatest common divisor of s and 16?
2
Let h(q) = 12*q**2 - 2*q. Let t be h(-3). Let j be t/4*(-4)/(-3). Calculate the highest common factor of j and 57.
19
Let p(y) = -6*y - 1. Let d be p(-2). Let s(t) = 3*t**2 + 6*t + 5. Let g be s(-7). Calculate the highest common divisor of g and d.
11
Let s = 7 + -4. Suppose 98 + 70 = s*f. Suppose -164 = -3*d - f. What is the greatest common divisor of 24 and d?
12
Suppose -3*i = -2*d + 8, 2*i = -0*d + 2*d - 6. Let z be (i/(-1))/(-2) - -36. Let j = z + -19. Calculate the highest common factor of 144 and j.
16
Let x(d) = -d**3 - d**2 + 4*d + 3. Let n be x(-3). Calculate the highest common factor of 6 and n.
3
Suppose 2*t + t - 5*b = 284, 5*t - 2*b = 467. What is the highest common divisor of t and 31?
31
Suppose -5*s + 5*p = -390, s - 3*s + 164 = 2*p. Calculate the greatest common divisor of 16 and s.
16
Let z(v) = -5*v**3 + v - 1 + 5*v**3 + 9*v**2 + v**3. Let p be z(-7). Let g = p + -63. Calculate the highest common factor of g and 18.
9
Let b be (-53)/(1 - 12/11). Calculate the greatest common divisor of 53 and b.
53
Suppose -15*d - 18 = -17*d. Calculate the highest common divisor of 1 and d.
1
Let d = 105 - 75. Suppose 3*y - d = -0*y. What is the highest common factor of 90 and y?
10
Let w(h) = 5*h**2 - 4*h - 1. Let z be w(3). What is the greatest common factor of z and 80?
16
Let f be 17 - (4 - 24/4). Calculate the highest common divisor of 171 and f.
19
Suppose 0 = -39*x + 34*x + 280. What is the greatest common divisor of 24 and x?
8
Let y be 1168/72 + 2/(-9). Let p(n) = 2*n + 5. Let j be p(-7). Let m = j + 25. Calculate the greatest common factor of y and m.
16
Let r be -4 - -7 - (4 - 1). Suppose -5*w + 245 + 80 = 5*n, r = 5*n - 10. What is the highest common factor of 9 and w?
9
Suppose -11*u - 4 = -12*u. Calculate the greatest common divisor of u and 20.
4
Let g be (3 + (-65)/25)*385. What is the greatest common divisor of 14 and g?
14
Let z(j) = -j**3 + 2*j**2 - 2. Let g be z(-2). Suppose 2*u - 31 = 39. What is the greatest common factor of g and u?
7
Suppose -5*x = -26 - 79. Suppose 28*i - 24*i + 3*k - 930 = 0, 4*k + 685 = 3*i. Calculate the highest common factor of x and i.
21
Let i be 0 - -2 - -42*5. Suppose 3*w - i = -y + 171, 0 = 5*w + 2*y - 640. Suppose -w = -5*v - 1. What is the greatest common divisor of v and 10?
5
Let j = 30 + -24. Calculate the highest common factor of j and 15.
3
Let f = -10 - -38. Suppose -c = m - f, -117 - 5 = -4*c + m. Let a be c/4*-1*-2. Calculate the highest common divisor of a and 3.
3
Suppose -f + 4 + 4 = 0. Calculate the greatest common divisor of f and 48.
8
Let w = 29 + -11. Suppose -6*j + 3*a = -3*j - 30, 5*j + 2*a - 64 = 0. What is the greatest common factor of w and j?
6
Suppose -3*i - 2*y + 6 + 19 = 0, 0 = 3*i - 3*y - 45. What is the highest common factor of 22 and i?
11
Let f(m) = m**2 - m - 1. Let w(k) = 6*k**2 - 9*k - 3. Let b(j) = -5*f(j) + w(j). Let t be b(6). What is the greatest common divisor of 2 and t?
2
Suppose 2*p - 210 = -3*p. What is the highest common divisor of 21 and p?
21
Let j be 10 - 40/(-3 + 11). Suppose 0 = 4*n - 5*d - 519, 2 + 4 = -2*d. Let f = -71 + n. Calculate the highest common factor of j and f.
5
Suppose 0 = -2*u + 4*q + 37 + 15, 5*u - 150 = 5*q. What is the highest common divisor of 34 and u?
34
Suppose -o - 5 = -6. Let a be (1 - -187) + -2 + o. Let y be 1/(2/34)*1. What is the highest common divisor of y and a?
17
Let q be (-2)/(-6) - (-131)/3. Suppose 4*u = -3*m + 37, -2*m - 3*u + 2*u = -23. Calculate the greatest common factor of q and m.
11
Let f(a) = 3*a**2 + 10*a - 2*a**2 - 2*a**2 + 0*a**2 - 12. Let m be f(8). Calculate the greatest common divisor of 36 and m.
4
Suppose 0 = 4*d - 4 - 0. Let b be ((-45)/2)/(d/(-2)). Let n be -1 + 1*3*2. What is the highest common divisor of b and n?
5
Let s = 42 - -110. Let i(w) = -2*w - 12. Let q be i(-11). Let m be (s/q)/((-2)/(-10)). What is the greatest common divisor of 19 and m?
19
Let g(s) = s - 2. Let b be g(5). Suppose -3*u = -3*x + 93, x - 21 - 4 = 4*u. What is the highest common factor of x and b?
3
Let j = -8 - -19. What is the highest common divisor of 99 and j?
11
Suppose 3*f = f + 28. What is the greatest common divisor of f and 14?
14
Let k be ((-876)/(-14) - 0) + 39/91. Calculate the greatest common factor of 21 and k.
21
Let q(k) = 21*k**2 - 3*k - 2. Let s be 3/(-2) - (-1)/(-2). Let i be q(s). What is the highest common divisor of i and 11?
11
Let q be ((-198)/5)/(9/(-60)). Calculate the greatest common factor of 33 and q.
33
Suppose -5*r - 183 = -3. Let b = 58 + r. Calculate the greatest common factor of b and 242.
22
Let v(i) = -i**3 + 10*i**2 - 2*i - 6. Let a be v(6). Calculate the highest common factor of a and 14.
14
Suppose 5*t - 134 = -3*q + 204, -74 = -t + q. Let d be (35 - 2) + 3 + -1. Calculate the greatest common factor of d and t.
35
Let j be -1 - (-12)/(6 - 2). Let k = 7 - 5. What is the greatest common factor of k and j?
2
Let m be 60*(3 - (-9)/(-5)). What is the highest common divisor of m and 18?
18
Let t(d) = d + 13. Let p be t(9). What is the greatest common factor of 132 and p?
22
Suppose 2*z = -5*u - 1, -3*z - 9 = -7*z + u. Suppose 14 = d - 3*a, 0 = z*d - 3*a - 8 - 23. What is the highest common factor of 136 and d?
17
Let z be (-3)/(-4) - 2/(-8). Let t(u) = u**2 + 6*u - 5. Let f be t(-7). Calculate the highest common divisor of z and f.
1
Suppose 5*v = -2*i + i + 10, 5*i + 25 = 0. Suppose -88 = -v*j - j. Calculate the greatest common divisor of j and 33.
11
Suppose -5*w - 5*i = -1235, 1012 = 4*w + i + 24. Calculate the greatest common factor of w and 13.
13
Suppose -3*y = -8*y + 220. Let b be (10 - 11)/((-2)/22). What is the greatest common divisor of y and b?
11
Let j be (18 - 0)*5/2. Suppose 0*z = -4*z + 8. Let q be z*(-1)/(-2)*9. Calculate the highest common factor of j and q.
9
Let z = 6 + 4. What is the highest common divisor of z and 4?
2
Let s be (-84)/((-1)/(-4)*-3). Calculate the highest common factor of s and 16.
16
Let p(a) = a**3 - 4*a**2 - 5*a + 2. Let k be p(5). Suppose 0 = -k*f - f + 27. Calculate the highest common factor of f and 81.
9
Let d = 170 - 155. What is the greatest common divisor of d and 45?
15
Suppose 3*g - 140 = g. Let d = 5 + 5. What is the highest common divisor of g and d?
10
Suppose 2*n = 2*i - 16, 3*i + 0*n = n + 16. Let a be ((-3)/(-6))/((-2)/(-528)). Suppose l + a = i*l. What is the greatest common factor of 4 and l?
4
Let m(o) = 12*o + 3. Let z be m(1). What is the greatest common factor of z and 60?
15
Suppose 5*u + 88 = 4*h, -3*u - u + 44 = 2*h. Suppose 0*v = -v + h. Let x = -4 - -15. Calculate the highest common divisor of v and x.
11
Let l = 132 - -3. Let n be -1 - 16*(-3)/3. Calculate the greatest common divisor of n and l.
15
Suppose 129 = v - 419. Suppose 78 = -b - 2*f, 5*b - f = -v + 180. Let o = b - -137. What is the greatest common divisor of 9 and o?
9
Suppose -3*y + 3 = -0*y. Calculate the grea